{"id":1307,"date":"2019-09-04T10:32:56","date_gmt":"2019-09-04T08:32:56","guid":{"rendered":"http:\/\/cuende.com\/pre\/?page_id=1307"},"modified":"2022-07-21T14:34:22","modified_gmt":"2022-07-21T12:34:22","slug":"aviso-legal","status":"publish","type":"page","link":"https:\/\/cuende.com\/prod\/aviso-legal\/","title":{"rendered":"Aviso legal"},"content":{"rendered":"\t\t<div data-elementor-type=\"wp-post\" data-elementor-id=\"1307\" class=\"elementor elementor-1307\" data-elementor-settings=\"[]\">\n\t\t\t\t\t\t<div class=\"elementor-inner\">\n\t\t\t\t\t\t\t<div class=\"elementor-section-wrap\">\n\t\t\t\t\t\t\t<section class=\"elementor-section elementor-top-section elementor-element elementor-element-12ec953 elementor-section-boxed elementor-section-height-default elementor-section-height-default\" data-id=\"12ec953\" data-element_type=\"section\" data-settings=\"{&quot;background_background&quot;:&quot;classic&quot;}\">\n\t\t\t\t\t\t<div class=\"elementor-container elementor-column-gap-default\">\n\t\t\t\t\t\t\t<div class=\"elementor-row\">\n\t\t\t\t\t<div class=\"elementor-column elementor-col-100 elementor-top-column elementor-element elementor-element-b77c114\" data-id=\"b77c114\" data-element_type=\"column\">\n\t\t\t<div class=\"elementor-column-wrap elementor-element-populated\">\n\t\t\t\t\t\t\t<div class=\"elementor-widget-wrap\">\n\t\t\t\t\t\t<div class=\"elementor-element elementor-element-3005642 elementor-widget elementor-widget-text-editor\" data-id=\"3005642\" data-element_type=\"widget\" data-widget_type=\"text-editor.default\">\n\t\t\t\t<div class=\"elementor-widget-container\">\n\t\t\t\t\t\t\t\t<div class=\"elementor-text-editor elementor-clearfix\">\n\t\t\t\t\t<h1>Aviso Legal<\/h1>\n<hr style=\"border: 1px solid lightgray;\" \/>\n<h3><strong>OBJETO Y ACEPTACI\u00d3N<\/strong><\/h3>\n<p>El presente aviso legal regula el uso del sitio web <a href=\"https:\/\/www.cuende.com\"><strong>www.cuende.com<\/strong><\/a> (en adelante, LA WEB), del que es titular <strong>CUENDE INFOMETRICS, S.A.<\/strong> (en adelante, EL PROPIETARIO DE LA WEB).<\/p>\n<p>La navegaci\u00f3n por el sitio web de EL PROPIETARIO DE LA WEB atribuye la condici\u00f3n de usuario del mismo e implica la aceptaci\u00f3n plena y sin reservas de todas y cada una de las disposiciones incluidas en este Aviso Legal, que pueden sufrir modificaciones.<\/p>\n<p>El usuario se obliga a hacer un uso correcto del sitio web de conformidad con las leyes, la buena fe, el orden p\u00fablico, los usos del tr\u00e1fico y el presente Aviso Legal. El usuario responder\u00e1 frente a EL PROPIETARIO DE LA WEB o frente a terceros, de cualesquiera da\u00f1os y perjuicios que pudieran causarse como consecuencia del incumplimiento de dicha obligaci\u00f3n.<\/p>\n<h3><strong>IDENTIFICACI\u00d3N Y COMUNICACIONES<\/strong><\/h3>\n<p>EL PROPIETARIO DE LA WEB, en cumplimiento de la Ley 34\/2002, de 11 de julio, de servicios de la sociedad de la informaci\u00f3n y de comercio electr\u00f3nico, le informa que:<\/p>\n<ul>\n<li>Su denominaci\u00f3n social es: <strong>CUENDE INFOMETRICS, S.A.<\/strong><\/li>\n<li>CIF: <strong>A802010140<\/strong><\/li>\n<li>Su domicilio social est\u00e1 en: <strong>\u00a0Parque Empresarial Alvia, c\/Jos\u00e9 Echegaray, 8 &#8211; Ed. 3, 2\u00ba, <\/strong><strong>28232 Las Rozas,\u00a0Madrid<\/strong><\/li>\n<li>Inscrita en el Registro Mercantil de <strong>Madrid<\/strong>, <strong>Tomo 2274, Folio 131, hoja M-40114, Inscripci\u00f3n 1\u00aa<\/strong><\/li>\n<\/ul>\n<h3><strong>COMUNICACIONES<\/strong><\/h3>\n<p>Todas las notificaciones y comunicaciones entre los usuarios y EL PROPIETARIO DE LA WEB se considerar\u00e1n eficaces, a todos los efectos, cuando se realicen a trav\u00e9s de correo postal o cualquier otro medio de los detallados a continuaci\u00f3n:<\/p>\n<ul>\n<li>Tel\u00e9fono: <strong>+34 914492970<\/strong><\/li>\n<li>Email: <strong>cuende@cuende.com<\/strong><\/li>\n<\/ul>\n<h3><strong>CONDICIONES DE ACCESO Y UTILIZACI\u00d3N<\/strong><\/h3>\n<p>El sitio web y sus servicios son de acceso libre y gratuito.<\/p>\n<p>El usuario garantiza la autenticidad y actualidad de todos aquellos datos que comunique a EL PROPIETARIO DE LA WEB y ser\u00e1 el \u00fanico responsable de las manifestaciones falsas o inexactas que realice.<\/p>\n<p>El usuario se compromete expresamente a hacer un uso adecuado de los contenidos y servicios de EL PROPIETARIO DE LA WEB y a no emplearlos para, entre otros:<\/p>\n<ol>\n<li>Difundir contenidos delictivos, violentos, pornogr\u00e1ficos, racistas, xen\u00f3fobo, ofensivos, de apolog\u00eda del terrorismo o, en general, contrarios a la ley o al orden p\u00fablico.<\/li>\n<li>Introducir en la red virus inform\u00e1ticos o realizar actuaciones susceptibles de alterar, estropear, interrumpir o generar errores o da\u00f1os en los documentos electr\u00f3nicos, datos o sistemas f\u00edsicos y l\u00f3gicos de EL PROPIETARIO DE LA WEB o de terceras personas; as\u00ed como obstaculizar el acceso de otros usuarios al sitio web y a sus servicios mediante el consumo masivo de los recursos inform\u00e1ticos a trav\u00e9s de los cuales EL PROPIETARIO DE LA WEB presta sus servicios.<\/li>\n<li>Intentar acceder a las cuentas de correo electr\u00f3nico de otros usuarios o a \u00e1reas restringidas de los sistemas inform\u00e1ticos de EL PROPIETARIO DE LA WEB o de terceros y, en su caso, extraer informaci\u00f3n.<\/li>\n<li>Vulnerar los derechos de propiedad intelectual o industrial, as\u00ed como violar la confidencialidad de la informaci\u00f3n de EL PROPIETARIO DE LA WEB o de terceros.<\/li>\n<li>Suplantar la identidad de otro usuario, de las administraciones p\u00fablicas o de un tercero.<\/li>\n<li>Reproducir, copiar, distribuir, poner a disposici\u00f3n de, o cualquier otra forma de comunicaci\u00f3n p\u00fablica, transformar o modificar los contenidos, a menos que se cuente con la autorizaci\u00f3n del titular de los correspondientes derechos o ello resulte legalmente permitido.<\/li>\n<li>Recabar datos con finalidad publicitaria y remitir publicidad de cualquier clase y comunicaciones con fines de venta u otras de naturaleza comercial sin que medie su previa solicitud o consentimiento.<\/li>\n<\/ol>\n<h3><strong>PROPIEDAD INTELECTUAL E INDUSTRIAL<\/strong><\/h3>\n<p>Todos los contenidos del sitio web, como textos, fotograf\u00edas, gr\u00e1ficos, im\u00e1genes, iconos, tecnolog\u00eda, software, as\u00ed como su dise\u00f1o gr\u00e1fico y c\u00f3digos fuente, constituyen una obra cuya propiedad pertenece a EL PROPIETARIO DE LA WEB o que ha sido licenciado por EL PROPIETARIO DE LA WEB para su explotaci\u00f3n en la misma, sin que puedan entenderse cedidos al usuario ninguno de los derechos de explotaci\u00f3n sobre los mismos m\u00e1s all\u00e1 de lo estrictamente necesario para el correcto uso de la web.<\/p>\n<p>En definitiva, los usuarios que accedan a este sitio web pueden visualizar los contenidos y efectuar, en su caso, copias privadas autorizadas siempre que los elementos reproducidos no sean cedidos posteriormente a terceros, ni se instalen a servidores conectados a redes, ni sean objeto de ning\u00fan tipo de explotaci\u00f3n.<\/p>\n<p>Asimismo, todas las marcas, nombres comerciales o signos distintivos de cualquier clase que aparecen en el sitio web son propiedad de EL PROPIETARIO DE LA WEB, sin que pueda entenderse que el uso o acceso al mismo atribuya al usuario derecho alguno sobre los mismos.<\/p>\n<p>La distribuci\u00f3n, modificaci\u00f3n, cesi\u00f3n o comunicaci\u00f3n p\u00fablica de los contenidos y cualquier otro acto que no haya sido expresamente autorizado por el titular de los derechos de explotaci\u00f3n quedan prohibidos.<\/p>\n<h3><strong>HIPERENLACES<\/strong><\/h3>\n<p>El establecimiento de un hiperenlace no implica en ning\u00fan caso la existencia de relaciones entre EL PROPIETARIO DE LA WEB y el propietario del sitio web en la que se establezca, ni la aceptaci\u00f3n y aprobaci\u00f3n por parte de EL PROPIETARIO DE LA WEB de sus contenidos o servicios. Asimismo deber\u00e1 abstenerse de realizar manifestaciones o indicaciones falsas, inexactas o incorrectas sobre EL PROPIETARIO DE LA WEB, o incluir contenidos il\u00edcitos, contrarios a las buenas costumbres y al orden p\u00fablico.<\/p>\n<p>EL PROPIETARIO DE LA WEB no se responsabiliza del uso que cada usuario le d\u00e9 a los materiales puestos a disposici\u00f3n en este sitio web ni de las actuaciones que realice en base a los mismos.<\/p>\n<p>En los hiperenlaces hacia otros lugares, como tambi\u00e9n es el caso de redes sociales, EL PROPIETARIO DE LA WEB no ejercer\u00e1 ning\u00fan control sobre estos lugares y contenidos, no asumir\u00e1 ninguna responsabilidad por los contenidos de alg\u00fan enlace perteneciente a otras web ajenas ni garantizar\u00e1 la disponibilidad t\u00e9cnica, calidad, fiabilidad, exactitud, amplitud, veracidad y validez de cualquier material o informaci\u00f3n contenida en ninguno de dichos hiperv\u00ednculos u otros sitios de internet.<\/p>\n<h3><strong>PROCEDIMIENTO EN CASO DE REALIZACI\u00d3N DE ACTIVIDADES DE CAR\u00c1CTER IL\u00cdCITO<\/strong><\/h3>\n<p>Si EL PROPIETARIO DE LA WEB tuviera conocimiento del uso de los servicios de la web para actividades lesivas de derechos o que constituyan actos il\u00edcitos, tomar\u00e1 las medidas necesarias para la represi\u00f3n y eliminaci\u00f3n\u00a0 de estas actividades, reserv\u00e1ndose el derecho de iniciar acciones legales.<\/p>\n<p>En el caso de que cualquier usuario o un tercero considere que existen hechos o circunstancias que revelen el car\u00e1cter il\u00edcito de la utilizaci\u00f3n de cualquier contenido y\/o de la realizaci\u00f3n de cualquier actividad en las p\u00e1ginas web incluidas o accesibles a trav\u00e9s del sitio web, deber\u00e1 enviar una notificaci\u00f3n a EL PROPIETARIO DE LA WEB identific\u00e1ndose debidamente, especificando las supuestas infracciones.<\/p>\n<h3><strong>PUBLICACIONES<\/strong><\/h3>\n<p>La informaci\u00f3n administrativa facilitada a trav\u00e9s del sitio web no sustituye la publicidad legal de las leyes, normativas, planes, disposiciones generales y actos que tengan que ser publicados formalmente a los diarios oficiales de las administraciones p\u00fablicas, que constituyen el \u00fanico instrumento que da fe de su autenticidad y contenido. La informaci\u00f3n disponible en este sitio web debe entenderse como una gu\u00eda sin prop\u00f3sito de validez legal.<\/p>\n<h3><strong>LEGISLACI\u00d3N Y JURISDICCI\u00d3N APLICABLE<\/strong><\/h3>\n<p>Este Aviso Legal se rige por la ley espa\u00f1ola. Las partes acuerdan someterse a la jurisdicci\u00f3n de los Juzgados y Tribunales que les correspondan en funci\u00f3n de la legislaci\u00f3n procesal aplicable.<\/p>\n<h3>ADHESI\u00d3N A AUTOCONTROL<\/h3>\n<p>Nuestra entidad se encuentra adherida a Confianza Online (Asociaci\u00f3n sin \u00e1nimo de lucro), inscrita en el Registro Nacional de Asociaciones Grupo 1, Secci\u00f3n 1, n\u00famero nacional 594400, CIF G85804011, Carrera de San Jer\u00f3nimo, 18, 4\u00ba 1, 28014 Madrid (Espa\u00f1a). Para m\u00e1s informaci\u00f3n: <a href=\"https:\/\/www.confianzaonline.es\" target=\"_blank\" rel=\"noopener\">www.confianzaonline.es<\/a>.<\/p>\n<p>Asimismo, informamos de que, como entidad adherida y en los t\u00e9rminos de su <a href=\"https:\/\/www.confianzaonline.es\/doc\/codigo_etico_confianzaonline.pdf\" target=\"_blank\" rel=\"noopener\">C\u00f3digo<\/a>, Confianza Online ser\u00e1 competente para la resoluci\u00f3n alternativa de eventuales controversias en materia de publicidad digital y protecci\u00f3n de datos relacionada con este \u00e1mbito. (<a href=\"https:\/\/www.confianzaonline.es\/como-reclamar\" target=\"_blank\" rel=\"noopener\">https:\/\/www.confianzaonline.es\/como-reclamar<\/a>)<\/p>\t\t\t\t\t<\/div>\n\t\t\t\t\t\t<\/div>\n\t\t\t\t<\/div>\n\t\t\t\t\t\t<\/div>\n\t\t\t\t\t<\/div>\n\t\t<\/div>\n\t\t\t\t\t\t\t\t<\/div>\n\t\t\t\t\t<\/div>\n\t\t<\/section>\n\t\t\t\t<section class=\"elementor-section elementor-top-section elementor-element elementor-element-d2e67bc elementor-section-boxed elementor-section-height-default elementor-section-height-default\" data-id=\"d2e67bc\" data-element_type=\"section\">\n\t\t\t\t\t\t<div class=\"elementor-container elementor-column-gap-default\">\n\t\t\t\t\t\t\t<div class=\"elementor-row\">\n\t\t\t\t\t<div class=\"elementor-column elementor-col-100 elementor-top-column elementor-element elementor-element-bbaeada\" data-id=\"bbaeada\" data-element_type=\"column\">\n\t\t\t<div class=\"elementor-column-wrap elementor-element-populated\">\n\t\t\t\t\t\t\t<div class=\"elementor-widget-wrap\">\n\t\t\t\t\t\t<div class=\"elementor-element elementor-element-3133b4b elementor-widget elementor-widget-text-editor\" data-id=\"3133b4b\" data-element_type=\"widget\" data-widget_type=\"text-editor.default\">\n\t\t\t\t<div class=\"elementor-widget-container\">\n\t\t\t\t\t\t\t\t<div class=\"elementor-text-editor elementor-clearfix\">\n\t\t\t\t\t<!-- wp:themeisle-blocks\/advanced-columns {\"id\":\"wp-block-themeisle-blocks-advanced-columns-46a2fd48\",\"columns\":4,\"layout\":\"equal\",\"layoutMobile\":\"collapsedRows\"} -->\n<div class=\"wp-block-themeisle-blocks-advanced-columns has-4-columns has-desktop-equal-layout has-tablet-equal-layout has-mobile-collapsedRows-layout has-default-gap has-vertical-unset\" id=\"wp-block-themeisle-blocks-advanced-columns-46a2fd48\" style=\"border-width:0px;border-style:solid;border-color:#000000;border-radius:0px;justify-content:unset\"><div class=\"wp-themeisle-block-overlay\" style=\"opacity:0.5;mix-blend-mode:normal\"><\/div><div class=\"innerblocks-wrap\"><!-- wp:themeisle-blocks\/advanced-column {\"id\":\"wp-block-themeisle-blocks-advanced-column-6ef26fcb\",\"columnWidth\":25} -->\n<div class=\"wp-block-themeisle-blocks-advanced-column\" id=\"wp-block-themeisle-blocks-advanced-column-6ef26fcb\" style=\"border-width:0px;border-style:solid;border-color:#000000;border-radius:0px\"><!-- wp:paragraph -->\n<p><\/p>\n<!-- \/wp:paragraph --><\/div>\n<!-- \/wp:themeisle-blocks\/advanced-column -->\n\n<!-- wp:themeisle-blocks\/advanced-column {\"id\":\"wp-block-themeisle-blocks-advanced-column-a19cba9c\",\"columnWidth\":25} -->\n<div class=\"wp-block-themeisle-blocks-advanced-column\" id=\"wp-block-themeisle-blocks-advanced-column-a19cba9c\" style=\"border-width:0px;border-style:solid;border-color:#000000;border-radius:0px\"><\/div>\n<!-- \/wp:themeisle-blocks\/advanced-column -->\n\n<!-- wp:themeisle-blocks\/advanced-column {\"id\":\"wp-block-themeisle-blocks-advanced-column-e69c2ba5\",\"columnWidth\":25} -->\n<div class=\"wp-block-themeisle-blocks-advanced-column\" id=\"wp-block-themeisle-blocks-advanced-column-e69c2ba5\" style=\"border-width:0px;border-style:solid;border-color:#000000;border-radius:0px\"><\/div>\n<!-- \/wp:themeisle-blocks\/advanced-column -->\n\n<!-- wp:themeisle-blocks\/advanced-column {\"id\":\"wp-block-themeisle-blocks-advanced-column-cc9413a7\",\"columnWidth\":25} -->\n<div class=\"wp-block-themeisle-blocks-advanced-column\" id=\"wp-block-themeisle-blocks-advanced-column-cc9413a7\" style=\"border-width:0px;border-style:solid;border-color:#000000;border-radius:0px\"><\/div>\n<!-- \/wp:themeisle-blocks\/advanced-column --><\/div><\/div>\n<!-- \/wp:themeisle-blocks\/advanced-columns -->\t\t\t\t\t<\/div>\n\t\t\t\t\t\t<\/div>\n\t\t\t\t<\/div>\n\t\t\t\t\t\t<\/div>\n\t\t\t\t\t<\/div>\n\t\t<\/div>\n\t\t\t\t\t\t\t\t<\/div>\n\t\t\t\t\t<\/div>\n\t\t<\/section>\n\t\t\t\t\t\t<\/div>\n\t\t\t\t\t\t<\/div>\n\t\t\t\t\t<\/div>\n\t\t","protected":false},"excerpt":{"rendered":"<p>Aviso Legal OBJETO Y ACEPTACI\u00d3N El presente aviso legal regula el uso del sitio web www.cuende.com (en adelante, LA WEB), del que es titular CUENDE INFOMETRICS, S.A. (en adelante, EL PROPIETARIO DE LA WEB). La navegaci\u00f3n por el sitio web de EL PROPIETARIO DE LA WEB atribuye la condici\u00f3n de usuario del mismo e implica&hellip;&nbsp;<a href=\"https:\/\/cuende.com\/prod\/aviso-legal\/\" class=\"\" rel=\"bookmark\">Leer m\u00e1s &raquo;<span class=\"screen-reader-text\">Aviso legal<\/span><\/a><\/p>\n","protected":false},"author":1,"featured_media":0,"parent":0,"menu_order":0,"comment_status":"closed","ping_status":"closed","template":"","meta":[],"_links":{"self":[{"href":"https:\/\/cuende.com\/prod\/wp-json\/wp\/v2\/pages\/1307"}],"collection":[{"href":"https:\/\/cuende.com\/prod\/wp-json\/wp\/v2\/pages"}],"about":[{"href":"https:\/\/cuende.com\/prod\/wp-json\/wp\/v2\/types\/page"}],"author":[{"embeddable":true,"href":"https:\/\/cuende.com\/prod\/wp-json\/wp\/v2\/users\/1"}],"replies":[{"embeddable":true,"href":"https:\/\/cuende.com\/prod\/wp-json\/wp\/v2\/comments?post=1307"}],"version-history":[{"count":26,"href":"https:\/\/cuende.com\/prod\/wp-json\/wp\/v2\/pages\/1307\/revisions"}],"predecessor-version":[{"id":3374,"href":"https:\/\/cuende.com\/prod\/wp-json\/wp\/v2\/pages\/1307\/revisions\/3374"}],"wp:attachment":[{"href":"https:\/\/cuende.com\/prod\/wp-json\/wp\/v2\/media?parent=1307"}],"curies":[{"name":"wp","href":"https:\/\/api.w.org\/{rel}","templated":true}]}}